{"id":1016059,"date":"2021-04-20T11:23:48","date_gmt":"2021-04-20T09:23:48","guid":{"rendered":"https:\/\/www.stapis.com.pl\/?post_type=product&#038;p=1016059"},"modified":"2025-02-12T15:46:13","modified_gmt":"2025-02-12T14:46:13","slug":"tyle-sie-dzieje-anna-markiewicz","status":"publish","type":"product","link":"https:\/\/stapis.com.pl\/?product=tyle-sie-dzieje-anna-markiewicz","title":{"rendered":"Tyle si\u0119 dzieje &#8211; Anna Markiewicz"},"content":{"rendered":"<p>Kto z nas nie marzy o stabilizacji, a nawet rutynie, kt\u00f3re daj\u0105 poczucie bezpiecze\u0144stwa w niepewnym \u015bwiecie?\u00a0 Ale los pisze w\u0142asne scenariusze i wcale nie uzgadnia ich z nami. Taka te\u017c jest codzienno\u015b\u0107 bohater\u00f3w. Kadry z ich \u017cycia przepe\u0142nione s\u0105 uczuciami i emocjami, kt\u00f3re wszyscy doskonale znamy: l\u0119kiem, rado\u015bci\u0105, rozczarowaniem, nadziej\u0105, \u017calem, mi\u0142o\u015bci\u0105\u2026 To rozsypane puzzle, kt\u00f3re czekaj\u0105 na u\u0142o\u017cenie. Nikt nie do\u0142\u0105czy\u0142 do nich instrukcji ani ko\u0144cowego wzoru. Bohaterowie, jak i my w naszym \u017cyciu, kieruj\u0105 si\u0119 sercem i rozumem, cz\u0119sto zdaj\u0105c si\u0119 na los. Ka\u017cdy z nich, zapytany o to, co s\u0142ycha\u0107, mo\u017ce szczerze odpowiedzie\u0107: \u201eTyle si\u0119 dzieje\u2026&#8221;<\/p>\n<h2>O Autorce<\/h2>\n<p class=\"v1MsoNormal\"><b>Anna Markiewicz<\/b>. Niepoprawna optymistka patrz\u0105ca na \u015bwiat przez r\u00f3\u017cowe okulary, a jej pisanie jest tego wiernym odbiciem. Wierzy, \u017ce w ka\u017cdym cz\u0142owieku kryje si\u0119 iskra dobra, i chocia\u017c wykreowani przez ni\u0105 bohaterowie maj\u0105 swoje przywary i cz\u0119sto obieraj\u0105 b\u0142\u0119dn\u0105 drog\u0119, ostatecznie wygrywa w nich ta lepsza cz\u0119\u015b\u0107.<\/p>\n<p class=\"v1MsoNormal\">Jej niespo\u017cyta energia sprawia, \u017ce wsz\u0119dzie zawsze jej pe\u0142no. Kocha sport &#8211; rower, narty, ferraty, p\u0142ywanie, du\u017co podr\u00f3\u017cuje. Uwielbia te\u017c karmi\u0107 swoj\u0105 dusz\u0119, dlatego jest cz\u0119stym go\u015bciem na koncertach i spektaklach teatralnych.<\/p>\n<p class=\"v1MsoNormal\">Jednak jej najwi\u0119ksz\u0105 mi\u0142o\u015bci\u0105 zawsze by\u0142o, s\u0105 i b\u0119d\u0105 zwierz\u0119ta, szczeg\u00f3lnie psy, co ciep\u0142o i zabawnie opisa\u0142a w ksi\u0105\u017cce \u201ePsie figle\u201d.<\/p>\n","protected":false},"excerpt":{"rendered":"<p>&nbsp;<\/p>\n<p>ISBN: 978-83-7967-165-6<\/p>\n<p>Format: 129,5 x 198 mm<\/p>\n<p>Ilo\u015b\u0107 stron: 224<\/p>\n<p>Ok\u0142adka: mi\u0119kka ze skrzyde\u0142kami<\/p>\n<p>Producent: Wydawnictwo Stapis Anna Pisarek, ul.\u00a0Floriana 2a, 40-288 Katowice, biuro@stapis.com.pl, tel.\u00a0605 963 179<\/p>\n","protected":false},"featured_media":1016061,"comment_status":"closed","ping_status":"closed","template":"","meta":{"_acf_changed":false},"product_brand":[],"product_cat":[1238,576],"product_tag":[1252,710,1253],"class_list":{"0":"post-1016059","1":"product","2":"type-product","3":"status-publish","4":"has-post-thumbnail","6":"product_cat-inne","7":"product_cat-wszystkie","8":"product_tag-powiesc-obyczajowa","9":"product_tag-romans","10":"product_tag-saga-rodzinna","12":"first","13":"instock","14":"taxable","15":"shipping-taxable","16":"purchasable","17":"product-type-simple","19":"catalog-layout-default","20":"columns-xs-2"},"acf":[],"jetpack_sharing_enabled":true,"_links":{"self":[{"href":"https:\/\/stapis.com.pl\/index.php?rest_route=\/wp\/v2\/product\/1016059","targetHints":{"allow":["GET"]}}],"collection":[{"href":"https:\/\/stapis.com.pl\/index.php?rest_route=\/wp\/v2\/product"}],"about":[{"href":"https:\/\/stapis.com.pl\/index.php?rest_route=\/wp\/v2\/types\/product"}],"replies":[{"embeddable":true,"href":"https:\/\/stapis.com.pl\/index.php?rest_route=%2Fwp%2Fv2%2Fcomments&post=1016059"}],"wp:featuredmedia":[{"embeddable":true,"href":"https:\/\/stapis.com.pl\/index.php?rest_route=\/wp\/v2\/media\/1016061"}],"wp:attachment":[{"href":"https:\/\/stapis.com.pl\/index.php?rest_route=%2Fwp%2Fv2%2Fmedia&parent=1016059"}],"wp:term":[{"taxonomy":"product_brand","embeddable":true,"href":"https:\/\/stapis.com.pl\/index.php?rest_route=%2Fwp%2Fv2%2Fproduct_brand&post=1016059"},{"taxonomy":"product_cat","embeddable":true,"href":"https:\/\/stapis.com.pl\/index.php?rest_route=%2Fwp%2Fv2%2Fproduct_cat&post=1016059"},{"taxonomy":"product_tag","embeddable":true,"href":"https:\/\/stapis.com.pl\/index.php?rest_route=%2Fwp%2Fv2%2Fproduct_tag&post=1016059"}],"curies":[{"name":"wp","href":"https:\/\/api.w.org\/{rel}","templated":true}]}}