{"id":1016797,"date":"2022-05-04T14:41:52","date_gmt":"2022-05-04T12:41:52","guid":{"rendered":"https:\/\/www.stapis.com.pl\/?post_type=product&#038;p=1016797"},"modified":"2026-04-03T14:23:18","modified_gmt":"2026-04-03T12:23:18","slug":"patagonia-tam-gdzie-rodzi-sie-wiatr-wojciech-lewandowski","status":"publish","type":"product","link":"https:\/\/stapis.com.pl\/?product=patagonia-tam-gdzie-rodzi-sie-wiatr-wojciech-lewandowski","title":{"rendered":"Patagonia. Tam gdzie rodzi si\u0119 wiatr &#8211; Wojciech Lewandowski"},"content":{"rendered":"<p><b>WOJCIECH LEWANDOWSKI<\/b><span style=\"font-weight: 400;\"> dr geografii (geoekolog), wyk\u0142adowca na Wydziale Geografii i Studi\u00f3w Regionalnych Uniwersytetu Warszawskiego. Alpinista i podr\u00f3\u017cnik (ponad 60 kraj\u00f3w), uczestnik wielu ekspedycji alpinistycznych i naukowych w g\u00f3ry \u015bwiata. m.in. Spitsbergen, Alpy, Kaukaz, Hindukusz, Himalaje, Karakorum, A\u0142taj, Ural, Atlas, Andy, Kordyliery, Pamir, G\u00f3ry Alaski i spor\u0105 liczb\u0119 g\u00f3r i \u201epag\u00f3r\u00f3w\u201d europejskich.<\/span><\/p>\n<p><span style=\"font-weight: 400;\">Wszed\u0142 m.in. na 20 sze\u015bciotysi\u0119cznik\u00f3w w Andach, Hindukuszu i Himalajach i siedmiotysi\u0119czny Mustagh Ata w Pamirze. Ostatnimi laty najbardziej zwi\u0105zany jest z Ameryk\u0105 Po\u0142udniow\u0105, gdzie z w\u0142asnej i nieprzymuszonej woli przemierzy\u0142 ju\u017c wszystkie kraje andyjskie i wiele pa\u0144stw Ameryki \u015arodkowej. Wraca jednak zawsze w ukochane Tatry, od kt\u00f3rych wszystko si\u0119 zacz\u0119\u0142o.\u00a0<\/span><\/p>\n<p>&nbsp;<\/p>\n<p><b>Opis<\/b><span style=\"font-weight: 400;\">\u00a0<\/span><\/p>\n<blockquote><p><span style=\"font-weight: 400;\">Patagonia \u2026sama nazwa przywo\u0142uje marzenia o podr\u00f3\u017cach na kra\u0144ce \u015bwiata. Szcz\u0119\u015bliwcy,<\/span><\/p>\n<p><span style=\"font-weight: 400;\">kt\u00f3rym uda\u0142o si\u0119 sp\u0119dzi\u0107 w Patagonii cho\u0107 kilka dni, zaraz po powrocie do domu zaczynaj\u0105<\/span><\/p>\n<p><span style=\"font-weight: 400;\">do niej t\u0119skni\u0107 i planowa\u0107 nast\u0119pn\u0105 podr\u00f3\u017c. Ksi\u0105\u017cka Wojtka Lewandowskiego mile zdumiewa<\/span><\/p>\n<p><span style=\"font-weight: 400;\">\u2013 okazuje si\u0119 \u017ce mo\u017cna zapakowa\u0107 wszystkie potrzebne rzeczy do dw\u00f3ch plecak\u00f3w<\/span><\/p>\n<p><span style=\"font-weight: 400;\">i we dwoje przemieszcza\u0107 si\u0119 wraz z ca\u0142ym dobytkiem z samego po\u0142udnia kontynentu<\/span><\/p>\n<p><span style=\"font-weight: 400;\">ku p\u00f3\u0142nocy, kontempluj\u0105c po drodze wszystko co si\u0119 da zwiedzi\u0107. Opowie\u015b\u0107 wzbogacona<\/span><\/p>\n<p><span style=\"font-weight: 400;\">jest informacjami z zakresu geografii<\/span><\/p><\/blockquote>\n<h1><span style=\"font-weight: 400;\">Anna Okopi\u0144ska<\/span><\/h1>\n<p>&nbsp;<\/p>\n<p><b>Pierwsza w j\u0119zyku polskim ksi\u0105\u017cka podr\u00f3\u017cniczo &#8211; geograficzna tak obszernie i wieloaspektowo opowiadaj\u0105ca o tej niezwykle fascynuj\u0105cej krainie.<\/b><\/p>\n<p>&nbsp;<\/p>\n<h3><b>Fragmenty<\/b><\/h3>\n<p><b>Fragment I<\/b><\/p>\n<p><i><span style=\"font-weight: 400;\">Kiedy wreszcie zacz\u0105\u0142em bli\u017cej zaznajamia\u0107 si\u0119 z Patagoni\u0105, coraz bardziej utwierdza\u0142em si\u0119 w przekonaniu, \u017ce nie da si\u0119 jej do ko\u0144ca pozna\u0107. Poza tym trzeba sobie powiedzie\u0107, \u017ce nie ma jednej Patagonii. Cho\u0107 jak najbardziej realna, stanowi jednak swoisty fantazmat i jest postrzegana przez pryzmat oczekiwa\u0144, marze\u0144, pobie\u017cnej wiedzy ka\u017cdego, kto zwr\u00f3ci na ni\u0105 swoje spojrzenie.<\/span><\/i><\/p>\n<p><b>Fragment II<\/b><\/p>\n<p><i><span style=\"font-weight: 400;\">W jaki\u015b dziwny, trudno wyt\u0142umaczalny spos\u00f3b urzek\u0142y mnie patago\u0144skie wraki statk\u00f3w, kt\u00f3rych na wybrze\u017cach tej krainy jest istne zatrz\u0119sienie. Tkwi\u0105 one zar\u00f3wno na brzegach, jak i pod wod\u0105. Tych ostatnich jest zdecydowanie wi\u0119cej.<\/span><\/i><\/p>\n<p><b>Fragment III<\/b><\/p>\n<p><i><span style=\"font-weight: 400;\">Wed\u0142ug zamieszkuj\u0105cych te rejony rdzennych mieszka\u0144c\u00f3w z ludu Tehuelche, Pali Aike oznacza \u201eKraina Diab\u0142a\u201d (mo\u017cna to te\u017c t\u0142umaczy\u0107, jako \u201eOpuszczone Miejsce\u201d). Obydwie nazwy pasuj\u0105 do tego pos\u0119pnego krajobrazu jak ula\u0142. Odmienne od pampy cechy krajobrazu by\u0107 mo\u017ce doprowadzi\u0142y tubylc\u00f3w do przekonania, \u017ce to miejsce zamieszkuj\u0105 z\u0142e duchy.<\/span><\/i><\/p>\n<p><b>Fragment IV<\/b><\/p>\n<p><i><span style=\"font-weight: 400;\">O patago\u0144skim wietrze pisano ju\u017c wiele. Ka\u017cdy, kto go do\u015bwiadczy\u0142, ma swoj\u0105 opini\u0119 na jego temat i chc\u0105c go jako\u015b scharakteryzowa\u0107, zapewne u\u017cywa mniej lub bardziej trafnych okre\u015ble\u0144. Czasami m\u00f3wi si\u0119 nawet z przesad\u0105, \u017ce jest to kraina, w kt\u00f3rej kamienie mog\u0105 lata\u0107, czy \u017ce w Patagonii deszcz i \u015bnieg padaj\u0105 poziomo\u2026<\/span><\/i><\/p>\n<p>&nbsp;<\/p>\n","protected":false},"excerpt":{"rendered":"<p><b>Seria: Wyprawy i podr\u00f3\u017ce<\/b><\/p>\n<p><b>ISBN druk: <\/b><b>978-83-7967-223-3<\/b><\/p>\n<p><b>Epub: <\/b><b>978-83-7967-224-0<\/b><\/p>\n<p><b>Mobi: <\/b><b>978-83-7967-225-7<\/b><\/p>\n<p><b>Ilo\u015b\u0107 stron: 240<\/b><\/p>\n<p><b>Ok\u0142adka: mi\u0119kka ze skrzyde\u0142kami<\/b><\/p>\n<p><b>Format: <\/b><b>161&#215;234<\/b><b>\u00a0<\/b><\/p>\n<p><b>Rok wydania: 2022<\/b><\/p>\n<p><b>Cena detaliczna: 49,90<\/b><\/p>\n<p>Producent: Wydawnictwo Stapis Anna Pisarek, ul. Floriana 2a, 40-288 Katowice, biuro@stapis.com.pl, tel. 605 963 179<\/p>\n","protected":false},"featured_media":1016799,"comment_status":"closed","ping_status":"closed","template":"","meta":{"_acf_changed":false},"product_brand":[],"product_cat":[58,576],"product_tag":[1137,1297,405,1298],"class_list":{"0":"post-1016797","1":"product","2":"type-product","3":"status-publish","4":"has-post-thumbnail","6":"product_cat-podroze-i-wyprawy-sklep","7":"product_cat-wszystkie","8":"product_tag-ksiazka-podroznicza","9":"product_tag-patagonia","10":"product_tag-podroze","11":"product_tag-wojciech-lewandowski","13":"first","14":"outofstock","15":"taxable","16":"shipping-taxable","17":"purchasable","18":"product-type-simple","20":"catalog-layout-default","21":"columns-xs-2"},"acf":[],"jetpack_sharing_enabled":true,"_links":{"self":[{"href":"https:\/\/stapis.com.pl\/index.php?rest_route=\/wp\/v2\/product\/1016797","targetHints":{"allow":["GET"]}}],"collection":[{"href":"https:\/\/stapis.com.pl\/index.php?rest_route=\/wp\/v2\/product"}],"about":[{"href":"https:\/\/stapis.com.pl\/index.php?rest_route=\/wp\/v2\/types\/product"}],"replies":[{"embeddable":true,"href":"https:\/\/stapis.com.pl\/index.php?rest_route=%2Fwp%2Fv2%2Fcomments&post=1016797"}],"wp:featuredmedia":[{"embeddable":true,"href":"https:\/\/stapis.com.pl\/index.php?rest_route=\/wp\/v2\/media\/1016799"}],"wp:attachment":[{"href":"https:\/\/stapis.com.pl\/index.php?rest_route=%2Fwp%2Fv2%2Fmedia&parent=1016797"}],"wp:term":[{"taxonomy":"product_brand","embeddable":true,"href":"https:\/\/stapis.com.pl\/index.php?rest_route=%2Fwp%2Fv2%2Fproduct_brand&post=1016797"},{"taxonomy":"product_cat","embeddable":true,"href":"https:\/\/stapis.com.pl\/index.php?rest_route=%2Fwp%2Fv2%2Fproduct_cat&post=1016797"},{"taxonomy":"product_tag","embeddable":true,"href":"https:\/\/stapis.com.pl\/index.php?rest_route=%2Fwp%2Fv2%2Fproduct_tag&post=1016797"}],"curies":[{"name":"wp","href":"https:\/\/api.w.org\/{rel}","templated":true}]}}