{"id":1016943,"date":"2022-09-26T11:43:37","date_gmt":"2022-09-26T09:43:37","guid":{"rendered":"https:\/\/www.stapis.com.pl\/?post_type=product&#038;p=1016943"},"modified":"2025-02-12T15:39:48","modified_gmt":"2025-02-12T14:39:48","slug":"demise-of-the-ivory-tower-ewa-strumillo","status":"publish","type":"product","link":"https:\/\/stapis.com.pl\/?product=demise-of-the-ivory-tower-ewa-strumillo","title":{"rendered":"Demise of the Ivory Tower &#8211; Ewa Strumi\u0142\u0142o"},"content":{"rendered":"<p><b>EWA STRUMI\u0141\u0141O \u2013 <\/b><span style=\"font-weight: 400;\">graduated from Uniwersytet Warszawski (University of Warsaw Poland) and Europa Universit\u00e4t Viadrina (Germany). She participated in numerous projects founded by international organizations. She was the Founding Chairperson of political NGO (European Union of Women &#8211; Polish Section). Ewa Strumi\u0142\u0142o owned and managed several companies in Poland. She worked in recruitment industry in Austria. She worked at AUT (Auckland University of Technology) in New Zealand. She strongly believes in freedom of enterprise.<\/span><\/p>\n<p><b>About the book<\/b><\/p>\n<p><span style=\"font-weight: 400;\">We are living in turbulent times. Do you want to know when and why scientists abandoned the Ivory Tower? Read this study to find out.<\/span><\/p>\n<p><i><span style=\"font-weight: 400;\">This study provides a benchmarking analysis of selected research centres at business\u00a0 faculties and identifies benefits of establishing them, while drawing a general picture of the academic research environment, as depicted by international scholars of recent years.<\/span><\/i><\/p>\n","protected":false},"excerpt":{"rendered":"<p><span style=\"color: #ff0000;\"><strong>Please contact us if you choose international shipping: biuro@stapis.com.pl<\/strong><\/span><\/p>\n<p><b>Series: Podr\u00f3\u017ce i wyprawy<\/b><\/p>\n<p><b>ISBN print: <\/b><b>978-83-7967-240-0<\/b><\/p>\n<p><b>Epub: <\/b><b>978-83-7967-256-1<\/b><\/p>\n<p><b>Mobi: <\/b><b>978-83-7967-257-8<\/b><\/p>\n<p><b>Print length: 204<\/b><\/p>\n<p><b>Cover: Paperback<\/b><\/p>\n<p><b>Dimensions<\/b><b>: 140 x 210 mm<\/b><b>\u00a0<\/b><\/p>\n<p><b>Publication date: 2022<\/b><\/p>\n<p><b>Price: 180 z\u0142<\/b><\/p>\n<p><strong>Shipping: 75 z\u0142<\/strong><\/p>\n<p>Producent: Wydawnictwo Stapis Anna Pisarek, ul.\u00a0Floriana 2a, 40-288 Katowice, biuro@stapis.com.pl, tel.\u00a0605 963 179<\/p>\n","protected":false},"featured_media":1016944,"comment_status":"closed","ping_status":"closed","template":"","meta":{"_acf_changed":false},"product_brand":[],"product_cat":[1238],"product_tag":[1323,1322,1324],"class_list":{"0":"post-1016943","1":"product","2":"type-product","3":"status-publish","4":"has-post-thumbnail","6":"product_cat-inne","7":"product_tag-demise-of-the-iwory-tower","8":"product_tag-ewa-strumillo","9":"product_tag-nowa-zelandia","11":"first","12":"instock","13":"taxable","14":"shipping-taxable","15":"purchasable","16":"product-type-simple","18":"catalog-layout-default","19":"columns-xs-2"},"acf":[],"jetpack_sharing_enabled":true,"_links":{"self":[{"href":"https:\/\/stapis.com.pl\/index.php?rest_route=\/wp\/v2\/product\/1016943","targetHints":{"allow":["GET"]}}],"collection":[{"href":"https:\/\/stapis.com.pl\/index.php?rest_route=\/wp\/v2\/product"}],"about":[{"href":"https:\/\/stapis.com.pl\/index.php?rest_route=\/wp\/v2\/types\/product"}],"replies":[{"embeddable":true,"href":"https:\/\/stapis.com.pl\/index.php?rest_route=%2Fwp%2Fv2%2Fcomments&post=1016943"}],"wp:featuredmedia":[{"embeddable":true,"href":"https:\/\/stapis.com.pl\/index.php?rest_route=\/wp\/v2\/media\/1016944"}],"wp:attachment":[{"href":"https:\/\/stapis.com.pl\/index.php?rest_route=%2Fwp%2Fv2%2Fmedia&parent=1016943"}],"wp:term":[{"taxonomy":"product_brand","embeddable":true,"href":"https:\/\/stapis.com.pl\/index.php?rest_route=%2Fwp%2Fv2%2Fproduct_brand&post=1016943"},{"taxonomy":"product_cat","embeddable":true,"href":"https:\/\/stapis.com.pl\/index.php?rest_route=%2Fwp%2Fv2%2Fproduct_cat&post=1016943"},{"taxonomy":"product_tag","embeddable":true,"href":"https:\/\/stapis.com.pl\/index.php?rest_route=%2Fwp%2Fv2%2Fproduct_tag&post=1016943"}],"curies":[{"name":"wp","href":"https:\/\/api.w.org\/{rel}","templated":true}]}}