{"id":1020498,"date":"2024-11-26T13:43:32","date_gmt":"2024-11-26T12:43:32","guid":{"rendered":"https:\/\/stapis.com.pl\/?post_type=product&#038;p=1020498"},"modified":"2026-03-31T13:56:10","modified_gmt":"2026-03-31T11:56:10","slug":"kiedys-zbigniew-piotrowicz","status":"publish","type":"product","link":"https:\/\/stapis.com.pl\/?product=kiedys-zbigniew-piotrowicz","title":{"rendered":"Kiedy\u015b &#8211; Zbigniew Piotrowicz"},"content":{"rendered":"<div dir=\"auto\">\n<p><b>ZBIGNIEW PIOTROWICZ<\/b><span style=\"font-weight: 400;\"> rocznik 1958, absolwent UAM, psycholog, taternik, podr\u00f3\u017cnik, dzia\u0142acz samorz\u0105dowy, menad\u017cer, ale tak\u017ce stolarz, hodowca owiec, publicysta, bloger, winiarz, pszczelarz, pomys\u0142odawca i\u00a0organizator Przegl\u0105du Film\u00f3w G\u00f3rskich im. Andrzeja Zawady w\u00a0L\u0105dku Zdroju, autor i\u00a0redaktor kilku ksi\u0105\u017cek oraz przewodnika wspinaczkowego po Ska\u0142kach L\u0105deckich, tw\u00f3rca efemerycznej wytw\u00f3rni filmowej Lasy Pa\u0144stwowe Forever. Ojciec dw\u00f3ch c\u00f3rek i syna. Mieszka pod lasem w\u00a0Radochowie.<\/span><\/p>\n<p><i><span style=\"font-weight: 400;\">Afirmacja \u017cycia, jakie by ono nie by\u0142o, jego trudnego pi\u0119kna<\/span><\/i> <i><span style=\"font-weight: 400;\">\u2013<\/span><\/i><i><span style=\"font-weight: 400;\"> przyci\u0105ga do tych opowie\u015bci czytelnika gotowego za\u015bwiadczy\u0107, \u017ce tak wtedy wygl\u0105da\u0142 \u015bwiat, \u017ce tak si\u0119 \u017cy\u0142o. Ufamy nostalgii autora, gdy\u017c identyczna trawi nas samych. Te s\u0142owa z ca\u0142\u0105 odpowiedzialno\u015bci\u0105 stawiam tutaj ja, poeta z rocznika 1960. Opowie\u015b\u0107 Piotrowicza ma wymiar uniwersalny i dotyczy nas wszystkich, jemu, i \u00f3wczesnej Polsce, r\u00f3wie\u015bnych. Pozostali mog\u0105 przygl\u0105da\u0107 si\u0119 z wyrozumia\u0142ym u\u015bmieszkiem, jeszcze nie wiedz\u0105c, \u017ce rytua\u0142y tak pracuj\u0105cej pami\u0119ci wkr\u00f3tce r\u00f3wnie\u017c ich b\u0119d\u0105 dotyczy\u0107.<\/span><\/i><\/p>\n<p><span style=\"font-weight: 400;\">Karol Maliszewski<\/span><\/p>\n<p><i><span style=\"font-weight: 400;\">Ka\u017cdy ma jakie\u015b kiedy\u015b. I chyba ka\u017cdy z nas s\u0142ysza\u0142, nawet nie jeden raz, \u017ce <\/span><\/i><i><span style=\"font-weight: 400;\">\u201e<\/span><\/i><i><span style=\"font-weight: 400;\">Kiedy\u015b to by\u0142o lepiej\u201d. Ta ksi\u0105\u017cka <\/span><\/i><i><span style=\"font-weight: 400;\">\u2013 nie jest o tym. Mo\u017ce troch\u0119 o tym , jak cenne s\u0105 drobiazgi, kt\u00f3re na zawsze zostaj\u0105 w naszej pami\u0119ci. Pewnie dla ka\u017cdego inne, cho\u0107 dla wszystkich tak samo cenne. Warto sprawdzi\u0107.\u00a0<\/span><\/i><\/p>\n<p><span style=\"font-weight: 400;\">Wojtek Heli\u0144ski<\/span><\/p>\n<p><i><span style=\"font-weight: 400;\">Przyj\u015bcie na \u015bwiat Zbyszka poprzedzi\u0142o kilka kataklizm\u00f3w. Ta zawierucha dziej\u00f3w, wiatr historii tocz\u0105 si\u0119 jakby obok. Zanurzamy si\u0119 w czas poza czasem utrwalony w opowie\u015bciach niczym w kola\u017cu fotograficznych wspomnie\u0144. Te fotografie zyska\u0142y z biegiem lat wiele kolor\u00f3w. Ka\u017cde z nich ch\u0142oniemy, bo wydaje nam si\u0119, \u017ce dostrzegamy na nich tak\u017ce samych siebie. Podr\u00f3\u017c Zbyszka w przesz\u0142o\u015b\u0107, staje si\u0119 bardzo szybko i nasz\u0105. Wsiadamy w wehiku\u0142, kt\u00f3rym wracamy do w\u0142asnych wspomnie\u0144, do\u2026 kiedy\u015b. Chce si\u0119 w tej podr\u00f3\u017cy by\u0107 jak najd\u0142u\u017cej.\u00a0<\/span><\/i><\/p>\n<p><span style=\"font-weight: 400;\">Tomasz Duszy\u0144ski<\/span><\/p>\n<p><b>Fragment I<\/b><\/p>\n<p><i><span style=\"font-weight: 400;\">Z podw\u00f3rka wraca\u0142em wieczorem z siniakami na piszczelach, odrapanymi kolanami, zdartymi trampkami, ale szcz\u0119\u015bliwy. Wystarczy\u0142o nam troch\u0119 wolnej przestrzeni i szkolne teczki wyznaczaj\u0105ce s\u0142upki bramek. Sami sobie s\u0119dziowali\u015bmy i intuicyjnie czuli\u015bmy, kiedy naprawd\u0119 by\u0142 faul, a kiedy zagranie mie\u015bci\u0142o si\u0119 w naszych podw\u00f3rkowych regu\u0142ach. Gole, zw\u0142aszcza te strzelone w okienko, r\u00f3wnie\u017c by\u0142y wsp\u00f3lnie akceptowane lub nie, poniewa\u017c g\u00f3rny naro\u017cnik bramki istnia\u0142 tylko w naszej wyobra\u017ani. Umiej\u0119tno\u015b\u0107 gry w pi\u0142k\u0119 wyznacza\u0142a pozycj\u0119 w podw\u00f3rkowej hierarchii. Jak kto\u015b dobrze gra\u0142, to m\u00f3g\u0142 by\u0107 m\u0142odszy, ni\u017cszy, m\u00f3g\u0142 sepleni\u0107, j\u0105ka\u0107 si\u0119, a i tak by\u0142 traktowany powa\u017cnie. By\u0107 w dru\u017cynie, to znaczy\u0142o nale\u017ce\u0107 do towarzystwa. Mie\u0107 kumpli, kt\u00f3rzy, jakby co, stan\u0105 za plecami. A w podw\u00f3rkowych realiach takie wsparcie czasami bardzo si\u0119 przydawa\u0142o.<\/span><\/i><\/p>\n<p><b>Fragment II<\/b><\/p>\n<p><i><span style=\"font-weight: 400;\">Pami\u0119tacie zapachy dzieci\u0144stwa? \u015awie\u017co\u015b\u0107 pierwszych wiosennych papier\u00f3wek? Papier\u00f3wki to dzi\u015b rzadko\u015b\u0107. Nie kupimy ich w wielkich sieciowych sklepach. W\u0142a\u015bciwie nigdzie ich nie kupimy. \u017b\u00f3\u0142to-zielone, kwaskowe jab\u0142ka by\u0142y zawsze pierwsze i smakowa\u0142y najbardziej. By\u0142a w nich zapowied\u017a nadchodz\u0105cego lata i rze\u015bko\u015b\u0107 ostatnich wiosennych porank\u00f3w.<\/span><\/i><\/p>\n<\/div>\n","protected":false},"excerpt":{"rendered":"<p>ISBN: 978-83-7967-315-5<\/p>\n<p>Ilo\u015b\u0107 stron: 168<\/p>\n<p>Ok\u0142adka: mi\u0119kka ze skrzyde\u0142kami<\/p>\n<p>Producent: Wydawnictwo Stapis, ul. Floriana 2a, 40-288 Katowice, biuro@stapis.com.pl, tel. 605 963 179<\/p>\n<p>&nbsp;<\/p>\n<p>&nbsp;<\/p>\n","protected":false},"featured_media":1020499,"comment_status":"closed","ping_status":"closed","template":"","meta":{"_acf_changed":false},"product_brand":[],"product_cat":[1407,1238,1198,576],"product_tag":[1398,1364,1397,38,1303],"class_list":{"0":"post-1020498","1":"product","2":"type-product","3":"status-publish","4":"has-post-thumbnail","6":"product_cat-biblioteka-boomera","7":"product_cat-inne","8":"product_cat-nowosci","9":"product_cat-wszystkie","10":"product_tag-kiedys","11":"product_tag-ksiazka","12":"product_tag-opowiesci","13":"product_tag-wspomnienia","14":"product_tag-zbigniew-piotrowicz","16":"first","17":"instock","18":"taxable","19":"shipping-taxable","20":"purchasable","21":"product-type-simple","23":"catalog-layout-default","24":"columns-xs-2"},"acf":[],"jetpack_sharing_enabled":true,"_links":{"self":[{"href":"https:\/\/stapis.com.pl\/index.php?rest_route=\/wp\/v2\/product\/1020498","targetHints":{"allow":["GET"]}}],"collection":[{"href":"https:\/\/stapis.com.pl\/index.php?rest_route=\/wp\/v2\/product"}],"about":[{"href":"https:\/\/stapis.com.pl\/index.php?rest_route=\/wp\/v2\/types\/product"}],"replies":[{"embeddable":true,"href":"https:\/\/stapis.com.pl\/index.php?rest_route=%2Fwp%2Fv2%2Fcomments&post=1020498"}],"wp:featuredmedia":[{"embeddable":true,"href":"https:\/\/stapis.com.pl\/index.php?rest_route=\/wp\/v2\/media\/1020499"}],"wp:attachment":[{"href":"https:\/\/stapis.com.pl\/index.php?rest_route=%2Fwp%2Fv2%2Fmedia&parent=1020498"}],"wp:term":[{"taxonomy":"product_brand","embeddable":true,"href":"https:\/\/stapis.com.pl\/index.php?rest_route=%2Fwp%2Fv2%2Fproduct_brand&post=1020498"},{"taxonomy":"product_cat","embeddable":true,"href":"https:\/\/stapis.com.pl\/index.php?rest_route=%2Fwp%2Fv2%2Fproduct_cat&post=1020498"},{"taxonomy":"product_tag","embeddable":true,"href":"https:\/\/stapis.com.pl\/index.php?rest_route=%2Fwp%2Fv2%2Fproduct_tag&post=1020498"}],"curies":[{"name":"wp","href":"https:\/\/api.w.org\/{rel}","templated":true}]}}