{"id":1021862,"date":"2025-12-05T12:09:30","date_gmt":"2025-12-05T11:09:30","guid":{"rendered":"https:\/\/stapis.com.pl\/?post_type=product&#038;p=1021862"},"modified":"2026-03-31T10:56:52","modified_gmt":"2026-03-31T08:56:52","slug":"gra-z-duchami-joe-simpson","status":"publish","type":"product","link":"https:\/\/stapis.com.pl\/?product=gra-z-duchami-joe-simpson","title":{"rendered":"Gra z duchami \u2013 Joe Simpson"},"content":{"rendered":"<blockquote><p><span style=\"font-weight: 400;\">&#8220;Dotkni\u0119cie pustki&#8221; to dla wielu ludzi najlepsza g\u00f3rska ksi\u0105\u017cka, a dla Joe Simpsona najwi\u0119ksze \u017cyciowej prze\u017cycie. &#8220;Gra z duchami&#8221; to dalszy ci\u0105g wspania\u0142ej, a zarazem trudnej przygody g\u00f3rskiej jak\u0105 jest \u017cycie jaj autora. Poznaj\u0105c j\u0105, mo\u017cna lepiej zrozumie\u0107 jego poprzedni\u0105 ksi\u0105\u017ck\u0119.<\/span><\/p>\n<p>Joe Simpsonowi przyznano dwie nagrody: NCR w dziedzinie faktografii za rok 1989 oraz Nagrod\u0119 Bordamana Taskera za \u201eDotkni\u0119cie pustki\u201d, kt\u00f3re zyska\u0142o mi\u0119dzynarodowy rozg\u0142os i zosta\u0142o wydane w kilkunastu j\u0119zykach.<\/p>\n<p>&nbsp;<\/p>\n<p><span style=\"font-weight: 400;\">\u201eS\u0142aw\u0119 przynios\u0142y mu nie tyle same zdarzenia, co zachwycaj\u0105cy spos\u00f3b, w jaki o nich pisze. Historie opowiadane z ogromnym napi\u0119ciem wydaj\u0105 si\u0119 ca\u0142kowicie szczere i przemawiaj\u0105 same za siebie. I chocia\u017c dotycz\u0105 prawie w ca\u0142o\u015bci wspinaczki wysokog\u00f3rskiej i jej nast\u0119pstw, w rzeczywisto\u015bci wolne s\u0105 od \u017cargonu i opisywania monotonnej wspinaczki dzie\u0144 po dniu. Autor o wiele wi\u0119cej uwagi po\u015bwi\u0119ci\u0142 rozwa\u017caniom nad \u017cyciem, \u015bmierci\u0105 oraz naszemu l\u0119kowi przed nimi.\u201d \u2013 Stephen Reid, \u201eThe Independent\u201d<\/span><\/p>\n<p><span style=\"font-weight: 400;\">\u201eSimpson doskonale sobie radzi ze s\u0142owem oraz uj\u0119ciem tematu\u2026 Fascynuj\u0105ca opowie\u015b\u0107, znakomicie opowiedziana.\u201d \u2013 Ranulph Fiennes, \u201eSunday Times\u201d<\/span><\/p>\n<p>&nbsp;<\/p><\/blockquote>\n","protected":false},"excerpt":{"rendered":"<p>Wydanie III<br \/>\nPrzek\u0142ad: Miranda Masarczyk<br \/>\nISBN: <span style=\"font-weight: 400;\">978-83-61050-62-9<\/span><br \/>\nLiczba stron: 288<br \/>\nFormat: 161 x 234 mm<br \/>\nOk\u0142adka: mi\u0119kka ze skrzyde\u0142kami<\/p>\n<p>Producent: Wydawnictwo Stapis, ul. Floriana 2a, 40-288 Katowice, biuro@stapis.com.pl, tel. 605 963 179<\/p>\n<p><a href=\"https:\/\/www.stapis.com.pl\/?product_cat=literatura-gorska-na-swiecie\"><img loading=\"lazy\" decoding=\"async\" class=\"alignnone wp-image-293\" src=\"http:\/\/stapis.com.pl\/wp-content\/uploads\/2016\/10\/czarna_lit_gor_n_Swiecie-300x134.jpg\" alt=\"czarna_lit_gor_n_swiecie\" width=\"287\" height=\"128\" srcset=\"https:\/\/stapis.com.pl\/wp-content\/uploads\/2016\/10\/czarna_lit_gor_n_Swiecie-300x134.jpg 300w, https:\/\/stapis.com.pl\/wp-content\/uploads\/2016\/10\/czarna_lit_gor_n_Swiecie-450x200.jpg 450w, https:\/\/stapis.com.pl\/wp-content\/uploads\/2016\/10\/czarna_lit_gor_n_Swiecie-768x342.jpg 768w, https:\/\/stapis.com.pl\/wp-content\/uploads\/2016\/10\/czarna_lit_gor_n_Swiecie-1024x456.jpg 1024w\" sizes=\"auto, (max-width: 287px) 100vw, 287px\" \/><\/a><\/p>\n<p>&nbsp;<\/p>\n<p><em>W\u00a0serii\u00a0<strong>Literatura G\u00f3rska na\u00a0\u015awiecie<\/strong> prezentujemy najciekawsze, nagradzane ksi\u0105\u017cki g\u00f3rskie, alpinistyczne i wspinaczkowe, pisane przez lub po\u015bwi\u0119cone ludziom, kt\u00f3rzy oddali swoje \u017cycie g\u00f3rom i ich poznawaniu&#8230;<\/em><\/p>\n<p>&nbsp;<\/p>\n","protected":false},"featured_media":1021863,"comment_status":"closed","ping_status":"closed","template":"","meta":{"_acf_changed":false},"product_brand":[],"product_cat":[52,576],"product_tag":[95,257,35,79,176,43,93],"class_list":{"0":"post-1021862","1":"product","2":"type-product","3":"status-publish","4":"has-post-thumbnail","6":"product_cat-literatura-gorska-na-swiecie","7":"product_cat-wszystkie","8":"product_tag-alpinisci","9":"product_tag-alpinizm","10":"product_tag-biografia","11":"product_tag-gory","12":"product_tag-historia-alpinizmu","13":"product_tag-literatura-gorska-na-swiecie","14":"product_tag-ludzie-gor","16":"first","17":"instock","18":"taxable","19":"shipping-taxable","20":"purchasable","21":"product-type-simple","23":"catalog-layout-default","24":"columns-xs-2"},"acf":[],"jetpack_sharing_enabled":true,"_links":{"self":[{"href":"https:\/\/stapis.com.pl\/index.php?rest_route=\/wp\/v2\/product\/1021862","targetHints":{"allow":["GET"]}}],"collection":[{"href":"https:\/\/stapis.com.pl\/index.php?rest_route=\/wp\/v2\/product"}],"about":[{"href":"https:\/\/stapis.com.pl\/index.php?rest_route=\/wp\/v2\/types\/product"}],"replies":[{"embeddable":true,"href":"https:\/\/stapis.com.pl\/index.php?rest_route=%2Fwp%2Fv2%2Fcomments&post=1021862"}],"wp:featuredmedia":[{"embeddable":true,"href":"https:\/\/stapis.com.pl\/index.php?rest_route=\/wp\/v2\/media\/1021863"}],"wp:attachment":[{"href":"https:\/\/stapis.com.pl\/index.php?rest_route=%2Fwp%2Fv2%2Fmedia&parent=1021862"}],"wp:term":[{"taxonomy":"product_brand","embeddable":true,"href":"https:\/\/stapis.com.pl\/index.php?rest_route=%2Fwp%2Fv2%2Fproduct_brand&post=1021862"},{"taxonomy":"product_cat","embeddable":true,"href":"https:\/\/stapis.com.pl\/index.php?rest_route=%2Fwp%2Fv2%2Fproduct_cat&post=1021862"},{"taxonomy":"product_tag","embeddable":true,"href":"https:\/\/stapis.com.pl\/index.php?rest_route=%2Fwp%2Fv2%2Fproduct_tag&post=1021862"}],"curies":[{"name":"wp","href":"https:\/\/api.w.org\/{rel}","templated":true}]}}