{"id":1022794,"date":"2026-08-26T14:01:50","date_gmt":"2026-08-26T12:01:50","guid":{"rendered":"https:\/\/stapis.com.pl\/?post_type=product&#038;p=1022794"},"modified":"2026-09-01T12:28:35","modified_gmt":"2026-09-01T10:28:35","slug":"blekitny-kamien-syzyfa-andrzej-koraszewski","status":"publish","type":"product","link":"https:\/\/stapis.com.pl\/?product=blekitny-kamien-syzyfa-andrzej-koraszewski","title":{"rendered":"B\u0142\u0119kitny kamie\u0144 Syzyfa &#8211; Andrzej Koraszewski"},"content":{"rendered":"<div class=\"xdj266r x14z9mp xat24cr x1lziwak x1vvkbs x126k92a\">\n<div dir=\"auto\">Ile trud\u00f3w, strat i dziejowych zawirowa\u0144 jest w stanie ud\u017awign\u0105\u0107 jeden cz\u0142owiek, zanim zada sobie pytanie o sens cierpienia?<\/div>\n<div dir=\"auto\"><\/div>\n<\/div>\n<div class=\"x14z9mp xat24cr x1lziwak x1vvkbs xtlvy1s x126k92a\">\n<div dir=\"auto\">\u201eB\u0142\u0119kitny kamie\u0144 Syzyfa\u201d Andrzeja Koraszewskiego to przejmuj\u0105ca ksi\u0105\u017cka &#8211; wielka, osobista opowie\u015b\u0107 cz\u0142owieka, kt\u00f3ry z bliska obserwowa\u0142 wydarzenia zmieniaj\u0105ce losy \u015bwiata. Jako d\u0142ugoletni dziennikarz polskiej sekcji BBC i korespondent prasowy, autor splata w swoich wspomnieniach wielk\u0105 histori\u0119 przemian politycznych w Polsce z g\u0142\u0119boko intymnym portretem \u017cycia.<\/div>\n<div dir=\"auto\"><\/div>\n<\/div>\n<div class=\"x14z9mp xat24cr x1lziwak x1vvkbs xtlvy1s x126k92a\">\n<div dir=\"auto\">To historia o mi\u0142o\u015bci i partnerstwie oraz o granicach wytrzyma\u0142o\u015bci cz\u0142owieka do\u015bwiadczaj\u0105cego bolesnych strat i trudno\u015bci rzucanych przez los. W tle kulisy burzliwych przemian politycznych w Europie drugiej po\u0142owy XX wieku.<\/div>\n<div dir=\"auto\"><\/div>\n<\/div>\n<div class=\"x14z9mp xat24cr x1lziwak x1vvkbs xtlvy1s x126k92a\">\n<div dir=\"auto\">Zderzaj\u0105c w\u0142asn\u0105 biografi\u0119 z biblijn\u0105 postaci\u0105 Hioba, Koraszewski stawia uniwersalne, unikalne pytanie: gdzie le\u017cy granica ludzkiej wytrzyma\u0142o\u015bci i co daje nam si\u0142\u0119, by mimo wszystko toczy\u0107 sw\u00f3j \u201ekamie\u0144\u201d dalej?<\/div>\n<\/div>\n<p>&nbsp;<\/p>\n<p><b>ANDRZEJ KORASZEWSKI<\/b><span style=\"font-weight: 400;\"> \u2013 urodzony w 1940 roku, dorasta\u0142 w Poznaniu, a nast\u0119pnie studiowa\u0142 na Wydziale Filozofii i Socjologii Uniwersytetu Warszawskiego, w czasach gdy wyk\u0142adali tam m.in. Tadeusz Kotarbi\u0144ski, Maria i Stanis\u0142aw Ossowscy, Stefan Nowak, Leszek Ko\u0142akowski. W 1971 roku wraz z \u017con\u0105 Ma\u0142gorzat\u0105 wyjecha\u0142 do Szwecji, a w 1986 roku przeni\u00f3s\u0142 si\u0119 do Londynu, gdzie przez 12 lat pracowa\u0142 w polskiej sekcji BBC. Wsp\u00f3\u0142pracowa\u0142 z wieloma czasopismami emigracyjnymi, w tym z parysk\u0105 \u201eKultur\u0105\u201d. Zosta\u0142 laureatem nagrody im. Juliusza Mieroszewskiego. W 1998 roku przeszed\u0142 na emerytur\u0119 i wr\u00f3ci\u0142 do Polski. Mieszka w Dobrzyniu nad Wis\u0142\u0105 i prowadzi stron\u0119 internetow\u0105 \u201eListy z naszego sadu\u201d po\u015bwi\u0119con\u0105 nauce, religii i sprawom mi\u0119dzynarodowym.<\/span><\/p>\n","protected":false},"excerpt":{"rendered":"<p><strong>KSI\u0104\u017bKI ZAM\u00d3WIONE W PRZEDSPRZEDA\u017bY B\u0118D\u0104 WYSY\u0141ANE PO 1.10.2026<\/strong><\/p>\n<p>&nbsp;<\/p>\n<p>ISBN druk: <span style=\"font-weight: 400;\">978-83-7967-357-5<\/span><\/p>\n<p>Liczba: 322<\/p>\n<p>Ok\u0142adka: mi\u0119kka ze skrzyde\u0142kami<\/p>\n<p>Format: 145 mm x 200 mm<\/p>\n<p>Rok wydania: 2026<\/p>\n<p>Producent: Wydawnictwo Stapis, ul. Floriana 2a, 40-288 Katowice, biuro@stapis.com.pl, tel. 605 963 179<\/p>\n","protected":false},"featured_media":1022796,"comment_status":"closed","ping_status":"closed","template":"","meta":{"_acf_changed":false},"product_brand":[],"product_cat":[359,1198,576,1174],"product_tag":[],"class_list":["post-1022794","product","type-product","status-publish","has-post-thumbnail","product_cat-bez-bogow","product_cat-nowosci","product_cat-wszystkie","product_cat-zapowiedzi","first","instock","sale","taxable","shipping-taxable","purchasable","product-type-simple","catalog-layout-default","columns-xs-2"],"acf":[],"jetpack_sharing_enabled":true,"_links":{"self":[{"href":"https:\/\/stapis.com.pl\/index.php?rest_route=\/wp\/v2\/product\/1022794","targetHints":{"allow":["GET"]}}],"collection":[{"href":"https:\/\/stapis.com.pl\/index.php?rest_route=\/wp\/v2\/product"}],"about":[{"href":"https:\/\/stapis.com.pl\/index.php?rest_route=\/wp\/v2\/types\/product"}],"replies":[{"embeddable":true,"href":"https:\/\/stapis.com.pl\/index.php?rest_route=%2Fwp%2Fv2%2Fcomments&post=1022794"}],"wp:featuredmedia":[{"embeddable":true,"href":"https:\/\/stapis.com.pl\/index.php?rest_route=\/wp\/v2\/media\/1022796"}],"wp:attachment":[{"href":"https:\/\/stapis.com.pl\/index.php?rest_route=%2Fwp%2Fv2%2Fmedia&parent=1022794"}],"wp:term":[{"taxonomy":"product_brand","embeddable":true,"href":"https:\/\/stapis.com.pl\/index.php?rest_route=%2Fwp%2Fv2%2Fproduct_brand&post=1022794"},{"taxonomy":"product_cat","embeddable":true,"href":"https:\/\/stapis.com.pl\/index.php?rest_route=%2Fwp%2Fv2%2Fproduct_cat&post=1022794"},{"taxonomy":"product_tag","embeddable":true,"href":"https:\/\/stapis.com.pl\/index.php?rest_route=%2Fwp%2Fv2%2Fproduct_tag&post=1022794"}],"curies":[{"name":"wp","href":"https:\/\/api.w.org\/{rel}","templated":true}]}}

Błękitny kamień Syzyfa &#8211; Andrzej Koraszewski

<div class="xdj266r x14z9mp xat24cr x1lziwak x1vvkbs x126k92a">
<div dir="auto">Ile trudów, strat i dziejowych zawirowań jest w stanie udźwignąć jeden człowiek, zanim zada sobie pytanie o sens cierpienia?</div>
<div dir="auto"></div>
</div>
<div class="x14z9mp xat24cr x1lziwak x1vvkbs xtlvy1s x126k92a">
<div dir="auto">„Błękitny kamień Syzyfa” Andrzeja Koraszewskiego to przejmująca książka &#8211; wielka, osobista opowieść człowieka, który z bliska obserwował wydarzenia zmieniające losy świata. Jako długoletni dziennikarz polskiej sekcji BBC i korespondent prasowy, autor splata w swoich wspomnieniach wielką historię przemian politycznych w Polsce z głęboko intymnym portretem życia.</div>
<div dir="auto"></div>
</div>
<div class="x14z9mp xat24cr x1lziwak x1vvkbs xtlvy1s x126k92a">
<div dir="auto">To historia o miłości i partnerstwie oraz o granicach wytrzymałości człowieka doświadczającego bolesnych strat i trudności rzucanych przez los. W tle kulisy burzliwych przemian politycznych w Europie drugiej połowy XX wieku.</div>
<div dir="auto"></div>
</div>
<div class="x14z9mp xat24cr x1lziwak x1vvkbs xtlvy1s x126k92a">
<div dir="auto">Zderzając własną biografię z biblijną postacią Hioba, Koraszewski stawia uniwersalne, unikalne pytanie: gdzie leży granica ludzkiej wytrzymałości i co daje nam siłę, by mimo wszystko toczyć swój „kamień” dalej?</div>
</div>
<p>&nbsp;</p>
<p><b>ANDRZEJ KORASZEWSKI</b><span style="font-weight: 400;"> – urodzony w 1940 roku, dorastał w Poznaniu, a następnie studiował na Wydziale Filozofii i Socjologii Uniwersytetu Warszawskiego, w czasach gdy wykładali tam m.in. Tadeusz Kotarbiński, Maria i Stanisław Ossowscy, Stefan Nowak, Leszek Kołakowski. W 1971 roku wraz z żoną Małgorzatą wyjechał do Szwecji, a w 1986 roku przeniósł się do Londynu, gdzie przez 12 lat pracował w polskiej sekcji BBC. Współpracował z wieloma czasopismami emigracyjnymi, w tym z paryską „Kulturą”. Został laureatem nagrody im. Juliusza Mieroszewskiego. W 1998 roku przeszedł na emeryturę i wrócił do Polski. Mieszka w Dobrzyniu nad Wisłą i prowadzi stronę internetową „Listy z naszego sadu” poświęconą nauce, religii i sprawom międzynarodowym.</span></p>

<p><strong>KSIĄŻKI ZAMÓWIONE W PRZEDSPRZEDAŻY BĘDĄ WYSYŁANE PO 1.10.2026</strong></p>
<p>&nbsp;</p>
<p>ISBN druk: <span style="font-weight: 400;">978-83-7967-357-5</span></p>
<p>Liczba: 322</p>
<p>Okładka: miękka ze skrzydełkami</p>
<p>Format: 145 mm x 200 mm</p>
<p>Rok wydania: 2026</p>
<p>Producent: Wydawnictwo Stapis, ul. Floriana 2a, 40-288 Katowice, biuro@stapis.com.pl, tel. 605 963 179</p>
