{"id":268908,"date":"2019-11-13T13:27:46","date_gmt":"2019-11-13T12:27:46","guid":{"rendered":"https:\/\/stapis.com.pl\/?post_type=product&#038;p=268908"},"modified":"2025-02-12T14:56:42","modified_gmt":"2025-02-12T13:56:42","slug":"dotyk-szorstkiej-skaly-tadeusz-wojtera","status":"publish","type":"product","link":"https:\/\/stapis.com.pl\/?product=dotyk-szorstkiej-skaly-tadeusz-wojtera","title":{"rendered":"Dotyk szorstkiej ska\u0142y &#8211; Tadeusz Wojtera"},"content":{"rendered":"<p>Na \u201eDotyk szorstkiej ska\u0142y\u201d sk\u0142adaj\u0105 si\u0119 opowiadania i wspomnienia z podr\u00f3\u017cy i wspinaczek w Afryce, Arktyce i \u00a0z wielu innych miejsc na Ziemi.<\/p>\n<p>Tadeusz Wojtera \u2013 cz\u0142onek Klubu Wysokog\u00f3rskiego w Katowicach. Uprawia\u0142 taternictwo i speleologi\u0119. W 1961 roku dokona\u0142 eksploracji jaski\u0144 Kuby, w 1966 uczestniczy\u0142 w wyprawie do \u00f3wcze\u015bnie najg\u0142\u0119bszych jaski\u0144 \u015bwiata Gouffre Berger we Francji. Ma na swym koncie sporo wej\u015b\u0107 szczytowych, m.in. siedemna\u015bcie pierwszych wej\u015b\u0107 w Arktyce. W 1975 kierowa\u0142 wypraw\u0105 w g\u00f3ry Afryki, kt\u00f3rej celem by\u0142o przej\u015bcie g\u0142\u00f3wnej grani G\u00f3r Ruwenzori oraz zdobycie Mount Kenya i Kilimand\u017caro. Osi\u0105gn\u0105\u0142 najwy\u017cszy szczyt Europy Mont Blanc. Jak pisze, mia\u0142 szcz\u0119\u015bcie wspina\u0107 si\u0119 z lepszym od siebie, st\u0105d czytaj\u0105c jego opowiadania co rusz napotykamy na wiele nazwisk elity polskiego alpinizmu.<\/p>\n","protected":false},"excerpt":{"rendered":"<h4><strong>Seria: <a href=\"https:\/\/stapis.com.pl\/?product_cat=literatura-gorska-na-swiecie\">Literatura G\u00f3rska Na \u015awiecie<\/a><\/strong><\/h4>\n<p><a href=\"https:\/\/stapis.com.pl\/wp-content\/uploads\/2016\/10\/czarna_lit_gor_n_Swiecie.jpg\"><img loading=\"lazy\" decoding=\"async\" class=\"alignnone wp-image-293\" src=\"https:\/\/stapis.com.pl\/wp-content\/uploads\/2016\/10\/czarna_lit_gor_n_Swiecie-300x134.jpg\" alt=\"\" width=\"238\" height=\"106\" srcset=\"https:\/\/stapis.com.pl\/wp-content\/uploads\/2016\/10\/czarna_lit_gor_n_Swiecie-300x134.jpg 300w, https:\/\/stapis.com.pl\/wp-content\/uploads\/2016\/10\/czarna_lit_gor_n_Swiecie-450x200.jpg 450w, https:\/\/stapis.com.pl\/wp-content\/uploads\/2016\/10\/czarna_lit_gor_n_Swiecie-768x342.jpg 768w, https:\/\/stapis.com.pl\/wp-content\/uploads\/2016\/10\/czarna_lit_gor_n_Swiecie-1024x456.jpg 1024w\" sizes=\"auto, (max-width: 238px) 100vw, 238px\" \/><\/a><\/p>\n<ul>\n<li>Rok wydania: 1995<\/li>\n<li>Liczba stron: 164<\/li>\n<li>Wymiary: 140 x 198 mm<\/li>\n<li>Stan produktu: poprzecierane kraw\u0119dzie ok\u0142adki ksi\u0105\u017cki, przybrudzenia, niewielkie zgi\u0119cia<\/li>\n<li>Oprawa: mi\u0119kka<\/li>\n<li>Producent: Wydawnictwo Stapis Anna Pisarek, ul. Floriana 2a, 40-288 Katowice, biuro@stapis.com.pl, tel. 605 963 179<\/li>\n<\/ul>\n","protected":false},"featured_media":268938,"comment_status":"closed","ping_status":"closed","template":"","meta":{"_acf_changed":false},"product_brand":[],"product_cat":[52,576],"product_tag":[486,734,365,171,38,733],"class_list":{"0":"post-268908","1":"product","2":"type-product","3":"status-publish","4":"has-post-thumbnail","6":"product_cat-literatura-gorska-na-swiecie","7":"product_cat-wszystkie","8":"product_tag-afryka","9":"product_tag-arktyka","10":"product_tag-literatura-gorska","11":"product_tag-wspinaczka","12":"product_tag-wspomnienia","13":"product_tag-wyprawy-gorskiej","15":"first","16":"instock","17":"taxable","18":"shipping-taxable","19":"purchasable","20":"product-type-simple","22":"catalog-layout-default","23":"columns-xs-2"},"acf":[],"jetpack_sharing_enabled":true,"_links":{"self":[{"href":"https:\/\/stapis.com.pl\/index.php?rest_route=\/wp\/v2\/product\/268908","targetHints":{"allow":["GET"]}}],"collection":[{"href":"https:\/\/stapis.com.pl\/index.php?rest_route=\/wp\/v2\/product"}],"about":[{"href":"https:\/\/stapis.com.pl\/index.php?rest_route=\/wp\/v2\/types\/product"}],"replies":[{"embeddable":true,"href":"https:\/\/stapis.com.pl\/index.php?rest_route=%2Fwp%2Fv2%2Fcomments&post=268908"}],"wp:featuredmedia":[{"embeddable":true,"href":"https:\/\/stapis.com.pl\/index.php?rest_route=\/wp\/v2\/media\/268938"}],"wp:attachment":[{"href":"https:\/\/stapis.com.pl\/index.php?rest_route=%2Fwp%2Fv2%2Fmedia&parent=268908"}],"wp:term":[{"taxonomy":"product_brand","embeddable":true,"href":"https:\/\/stapis.com.pl\/index.php?rest_route=%2Fwp%2Fv2%2Fproduct_brand&post=268908"},{"taxonomy":"product_cat","embeddable":true,"href":"https:\/\/stapis.com.pl\/index.php?rest_route=%2Fwp%2Fv2%2Fproduct_cat&post=268908"},{"taxonomy":"product_tag","embeddable":true,"href":"https:\/\/stapis.com.pl\/index.php?rest_route=%2Fwp%2Fv2%2Fproduct_tag&post=268908"}],"curies":[{"name":"wp","href":"https:\/\/api.w.org\/{rel}","templated":true}]}}