{"id":2898,"date":"2018-05-17T12:05:23","date_gmt":"2018-05-17T10:05:23","guid":{"rendered":"http:\/\/stapis.com.pl\/?post_type=product&#038;p=2898"},"modified":"2025-02-12T14:37:33","modified_gmt":"2025-02-12T13:37:33","slug":"skonczony-po-piecdziesiatce-toni-goffe","status":"publish","type":"product","link":"https:\/\/stapis.com.pl\/?product=skonczony-po-piecdziesiatce-toni-goffe","title":{"rendered":"Sko\u0144czony po pi\u0119\u0107dziesi\u0105tce? &#8211; Toni Goffe"},"content":{"rendered":"<h2>Sko\u0144czony po pi\u0119\u0107dziesi\u0105tce?<\/h2>\n<h3>Toni Goffe<\/h3>\n<p>Co si\u0119 dzieje z m\u0119\u017cczyzn\u0105 po przekroczeniu granicy magicznej pi\u0119\u0107dziesi\u0105tki?\u00a0Ro\u015bnie wszerz, \u0142ysieje, traci wigor, jest senny, pogarsza mu si\u0119 wzrok, zmniejsza refleks, dziwaczeje, traci pami\u0119\u0107, robi si\u0119 leniwy, zaczyna pi\u0107, wypadaj\u0105 mu z\u0119by, nie mo\u017ce si\u0119 wys\u0142owi\u0107&#8230; No, chyba ju\u017c wystarczy!<\/p>\n<p>Czas po\u015bmia\u0107 si\u0119 z tego dzi\u0119ki \u015bwietnym rysunkom i komentarzom Toni Goffego.<\/p>\n","protected":false},"excerpt":{"rendered":"<p>&nbsp;<\/p>\n<p>Numer ISBN:\u00a0\u00a0\u00a0\u00a0 8388212559<\/p>\n<p>Rok wydania:\u00a0\u00a0\u00a0 2005<\/p>\n<p>Oprawa:\u00a0\u00a0\u00a0\u00a0\u00a0\u00a0\u00a0\u00a0\u00a0\u00a0\u00a0\u00a0\u00a0 mi\u0119kka<\/p>\n<p>Liczba stron:\u00a0\u00a0\u00a0\u00a0\u00a0 64<\/p>\n<p>Format:\u00a0\u00a0\u00a0\u00a0\u00a0\u00a0\u00a0\u00a0\u00a0\u00a0\u00a0\u00a0\u00a0\u00a0 21.0 x 15.0cm<\/p>\n<p>Producent: Wydawnictwo Stapis Anna Pisarek, ul. Floriana 2a, 40-288 Katowice, biuro@stapis.com.pl, tel. 605 963 179<\/p>\n","protected":false},"featured_media":2899,"comment_status":"closed","ping_status":"closed","template":"","meta":{"_acf_changed":false},"product_brand":[],"product_cat":[56,576],"product_tag":[467,237,466,464],"class_list":{"0":"post-2898","1":"product","2":"type-product","3":"status-publish","4":"has-post-thumbnail","6":"product_cat-humor","7":"product_cat-wszystkie","8":"product_tag-bez-tabu","9":"product_tag-humor","10":"product_tag-pomysl-na-prezent","11":"product_tag-smiech","13":"first","14":"instock","15":"taxable","16":"shipping-taxable","17":"purchasable","18":"product-type-simple","20":"catalog-layout-default","21":"columns-xs-2"},"acf":[],"jetpack_sharing_enabled":true,"_links":{"self":[{"href":"https:\/\/stapis.com.pl\/index.php?rest_route=\/wp\/v2\/product\/2898","targetHints":{"allow":["GET"]}}],"collection":[{"href":"https:\/\/stapis.com.pl\/index.php?rest_route=\/wp\/v2\/product"}],"about":[{"href":"https:\/\/stapis.com.pl\/index.php?rest_route=\/wp\/v2\/types\/product"}],"replies":[{"embeddable":true,"href":"https:\/\/stapis.com.pl\/index.php?rest_route=%2Fwp%2Fv2%2Fcomments&post=2898"}],"wp:featuredmedia":[{"embeddable":true,"href":"https:\/\/stapis.com.pl\/index.php?rest_route=\/wp\/v2\/media\/2899"}],"wp:attachment":[{"href":"https:\/\/stapis.com.pl\/index.php?rest_route=%2Fwp%2Fv2%2Fmedia&parent=2898"}],"wp:term":[{"taxonomy":"product_brand","embeddable":true,"href":"https:\/\/stapis.com.pl\/index.php?rest_route=%2Fwp%2Fv2%2Fproduct_brand&post=2898"},{"taxonomy":"product_cat","embeddable":true,"href":"https:\/\/stapis.com.pl\/index.php?rest_route=%2Fwp%2Fv2%2Fproduct_cat&post=2898"},{"taxonomy":"product_tag","embeddable":true,"href":"https:\/\/stapis.com.pl\/index.php?rest_route=%2Fwp%2Fv2%2Fproduct_tag&post=2898"}],"curies":[{"name":"wp","href":"https:\/\/api.w.org\/{rel}","templated":true}]}}