{"id":2913,"date":"2018-05-17T12:52:09","date_gmt":"2018-05-17T10:52:09","guid":{"rendered":"http:\/\/stapis.com.pl\/?post_type=product&#038;p=2913"},"modified":"2025-11-21T10:39:47","modified_gmt":"2025-11-21T09:39:47","slug":"klatka-audrey-schulman","status":"publish","type":"product","link":"https:\/\/stapis.com.pl\/?product=klatka-audrey-schulman","title":{"rendered":"Klatka &#8211; Audrey Schulman"},"content":{"rendered":"<h3>Wspania\u0142a ksi\u0105\u017cka na lato \u2013 och\u0142odzi nawet w najwi\u0119kszy upa\u0142&#8230;<\/h3>\n<p>Z podr\u00f3\u017cy na p\u00f3\u0142noc najdalej dotar\u0142em tylko na Nordkapp w Norwegii. I to na dodatek w lipcu przy rekordowej temperaturze +24 st. C. Z \u017calem spogl\u0105da\u0142em na resztki lodowych czap, wyobra\u017caj\u0105c sobie ich obecno\u015b\u0107 podczas arktycznej zimy. Lektura <em>Klatki<\/em> wyr\u0119czy\u0142a moj\u0105 wyobra\u017ani\u0119. Przyl\u0105dek P\u00f3\u0142nocny to daleko za kr\u0119giem polarnym, ale bia\u0142ych nied\u017awiedzi ani \u015bladu. W ksi\u0105\u017cce Audrey Schulman s\u0105 i czyta si\u0119 o nich z zapartym tchem. Ta fikcyjna przecie\u017c, ale pi\u0119knie i realistycznie napisana opowie\u015b\u0107 o wyprawie w pogoni za uchwyceniem \u017cycia bia\u0142ych nied\u017awiedzi zdoby\u0142a sobie bardzo du\u017ce uznanie w Kanadzie, gdzie wydano j\u0105 po raz pierwszy.<br \/>\nPrzet\u0142umaczona na kilka j\u0119zyk\u00f3w historia m\u0142odej, ambitnej kobiety, kt\u00f3ra w ekstremalnych warunkach prze\u017cywa dramatyczne przygody i romantyczn\u0105 mi\u0142o\u015b\u0107 budzi podziw czytelnik\u00f3w i szacunek krytyki.<\/p>\n<blockquote><p>W tej ksi\u0105\u017cce nie ma G\u00f3r, ale jest ich \u015bwiat \u2013 \u015bcinaj\u0105cy krew w \u017cy\u0142ach mr\u00f3z, dziko\u015b\u0107 natury, \u015bnieg, l\u00f3d, granice ludzkich mo\u017cliwo\u015bci, a na tym tle kobieta, mi\u0142o\u015b\u0107 i dramatyczna walka o \u017cycie. Wartka, wci\u0105gaj\u0105ca akcja, bajeczne opisy krajobraz\u00f3w \u015bnie\u017cnej pustyni i zetkni\u0119cie z niezwyk\u0142ym i niebezpiecznym \u015bwiatem \u2013 kr\u00f3lestwem bia\u0142ych nied\u017awiedzi. (&#8230;)<\/p>\n<p>Miesi\u0119cznik G\u00d3RY, maj 1996<\/p><\/blockquote>\n<p>Producent: Wydawnictwo Stapis Anna Pisarek, ul. Floriana 2a, 40-288 Katowice, biuro@stapis.com.pl, tel. 605 963 179<\/p>\n","protected":false},"excerpt":{"rendered":"<p>Wspania\u0142a ksi\u0105\u017cka na lato \u2013 och\u0142odzi nawet w najwi\u0119kszy upa\u0142&#8230; Z podr\u00f3\u017cy na p\u00f3\u0142noc najdalej dotar\u0142em tylko na Nordkapp w Norwegii. I to na dodatek w lipcu przy rekordowej temperaturze +24 st. C. Z \u017calem spogl\u0105da\u0142em na resztki lodowych czap, wyobra\u017caj\u0105c sobie ich obecno\u015b\u0107 podczas arktycznej zimy. Lektura Klatki wyr\u0119czy\u0142a moj\u0105 wyobra\u017ani\u0119. Przyl\u0105dek P\u00f3\u0142nocny to&hellip;<\/p>\n","protected":false},"featured_media":2914,"comment_status":"closed","ping_status":"closed","template":"","meta":{"_acf_changed":false},"product_brand":[],"product_cat":[576],"product_tag":[480,477,479,478],"class_list":{"0":"post-2913","1":"product","2":"type-product","3":"status-publish","4":"has-post-thumbnail","6":"product_cat-wszystkie","7":"product_tag-biale-niedzwiedzie","8":"product_tag-literatura-mlodziezowa","9":"product_tag-lodowy-swiat","10":"product_tag-polnoc","12":"first","13":"instock","14":"taxable","15":"shipping-taxable","16":"purchasable","17":"product-type-simple","19":"catalog-layout-default","20":"columns-xs-2"},"acf":[],"jetpack_sharing_enabled":true,"_links":{"self":[{"href":"https:\/\/stapis.com.pl\/index.php?rest_route=\/wp\/v2\/product\/2913","targetHints":{"allow":["GET"]}}],"collection":[{"href":"https:\/\/stapis.com.pl\/index.php?rest_route=\/wp\/v2\/product"}],"about":[{"href":"https:\/\/stapis.com.pl\/index.php?rest_route=\/wp\/v2\/types\/product"}],"replies":[{"embeddable":true,"href":"https:\/\/stapis.com.pl\/index.php?rest_route=%2Fwp%2Fv2%2Fcomments&post=2913"}],"wp:featuredmedia":[{"embeddable":true,"href":"https:\/\/stapis.com.pl\/index.php?rest_route=\/wp\/v2\/media\/2914"}],"wp:attachment":[{"href":"https:\/\/stapis.com.pl\/index.php?rest_route=%2Fwp%2Fv2%2Fmedia&parent=2913"}],"wp:term":[{"taxonomy":"product_brand","embeddable":true,"href":"https:\/\/stapis.com.pl\/index.php?rest_route=%2Fwp%2Fv2%2Fproduct_brand&post=2913"},{"taxonomy":"product_cat","embeddable":true,"href":"https:\/\/stapis.com.pl\/index.php?rest_route=%2Fwp%2Fv2%2Fproduct_cat&post=2913"},{"taxonomy":"product_tag","embeddable":true,"href":"https:\/\/stapis.com.pl\/index.php?rest_route=%2Fwp%2Fv2%2Fproduct_tag&post=2913"}],"curies":[{"name":"wp","href":"https:\/\/api.w.org\/{rel}","templated":true}]}}