{"id":4045,"date":"2019-11-26T08:12:14","date_gmt":"2019-11-26T07:12:14","guid":{"rendered":"https:\/\/stapis.com.pl\/?post_type=product&#038;p=4045"},"modified":"2025-02-27T12:59:26","modified_gmt":"2025-02-27T11:59:26","slug":"jak-dobrze-nam-zdobywac-gor-ludwik-wilczynski-witold-sas-nowosielski","status":"publish","type":"product","link":"https:\/\/stapis.com.pl\/?product=jak-dobrze-nam-zdobywac-gor-ludwik-wilczynski-witold-sas-nowosielski","title":{"rendered":"Jak dobrze nam zdobywa\u0107 g\u00f3ry \u2013 L. Wilczy\u0144ski, W. Sas-Nowosielski"},"content":{"rendered":"<h4><strong>Zbi\u00f3r anegdot, wspomink\u00f3w, opowie\u015bci, gaw\u0119d tatrza\u0144skich i nie tylko, autorstwa Ludwika Wilczy\u0144skiego (tekst) i Witolda Sasa-Nowosielskiego (ilustracje)<\/strong><\/h4>\n<p>&nbsp;<\/p>\n<p>&nbsp;<\/p>\n<blockquote><p>Czy dobrze nam zdobywa\u0107 g\u00f3ry? G\u00f3ry zdobywa si\u0119 nam bardzo dobrze. Wiatr ch\u0142onie si\u0119 m\u0142od\u0105, a nawet star\u0105 piersi\u0105 wspaniale i tak samo depcze si\u0119 chmury stop\u0105 pr\u0119\u017cn\u0105. G\u00f3ry to niewyczerpane \u017ar\u00f3d\u0142o dobrej energii i \u017cyciowej si\u0142y nawet wtedy, gdy ju\u017c wiemy, \u017ce si\u0119 ich nie zdobywa, \u017ce to one nas zdoby\u0142y swoim ogromem, przestrzeni\u0105 i oboj\u0119tno\u015bci\u0105. Duma czy nawet pycha p\u0142yn\u0105ca z pierwszych g\u00f3rskich \u201ezdobyczy\u201d ust\u0119puje miejsca poczuciu ma\u0142o\u015bci w kontakcie z naprawd\u0119 wielkimi wyzwaniami lub nieokie\u0142znanymi \u017cywio\u0142ami przyrody. Dobrze nam zdobywa\u0107 g\u00f3ry, bo rodzaj\u00f3w satysfakcji w g\u00f3rach jest wiele. Kontakt z przyrod\u0105, przyja\u017a\u0144 czy tylko poczucie wsp\u00f3lnoty, przygoda, walka do upad\u0142ego, sportowe wyzwania, rywalizacja, sukcesy i s\u0142awa nawet w ma\u0142ym \u015brodowisku\u2026 (fragment)<\/p><\/blockquote>\n<h4><\/h4>\n<h4>Patroni medialni<\/h4>\n<p><a href=\"https:\/\/stapis.com.pl\/wp-content\/uploads\/2017\/10\/WSPINANIE.PL-na-bialym.jpg\"><img loading=\"lazy\" decoding=\"async\" class=\"alignnone wp-image-1515\" src=\"https:\/\/stapis.com.pl\/wp-content\/uploads\/2017\/10\/WSPINANIE.PL-na-bialym-300x84.jpg\" alt=\"\" width=\"186\" height=\"52\" \/><\/a><a href=\"https:\/\/stapis.com.pl\/wp-content\/uploads\/2018\/12\/on-the-summit_logo1.png\"><img loading=\"lazy\" decoding=\"async\" class=\"alignnone wp-image-3440\" src=\"https:\/\/stapis.com.pl\/wp-content\/uploads\/2018\/12\/on-the-summit_logo1-300x99.png\" alt=\"\" width=\"233\" height=\"77\" srcset=\"https:\/\/stapis.com.pl\/wp-content\/uploads\/2018\/12\/on-the-summit_logo1-300x99.png 300w, https:\/\/stapis.com.pl\/wp-content\/uploads\/2018\/12\/on-the-summit_logo1.png 400w\" sizes=\"auto, (max-width: 233px) 100vw, 233px\" \/>\u00a0<\/a><a href=\"https:\/\/stapis.com.pl\/wp-content\/uploads\/2017\/11\/npm_logo_white_cmyk_22.jpg\"><img loading=\"lazy\" decoding=\"async\" class=\"alignnone wp-image-1618\" src=\"https:\/\/stapis.com.pl\/wp-content\/uploads\/2017\/11\/npm_logo_white_cmyk_22-300x86.jpg\" alt=\"\" width=\"202\" height=\"58\" srcset=\"https:\/\/stapis.com.pl\/wp-content\/uploads\/2017\/11\/npm_logo_white_cmyk_22-300x86.jpg 300w, https:\/\/stapis.com.pl\/wp-content\/uploads\/2017\/11\/npm_logo_white_cmyk_22-450x129.jpg 450w, https:\/\/stapis.com.pl\/wp-content\/uploads\/2017\/11\/npm_logo_white_cmyk_22-768x220.jpg 768w, https:\/\/stapis.com.pl\/wp-content\/uploads\/2017\/11\/npm_logo_white_cmyk_22-1024x293.jpg 1024w, https:\/\/stapis.com.pl\/wp-content\/uploads\/2017\/11\/npm_logo_white_cmyk_22-1320x378.jpg 1320w, https:\/\/stapis.com.pl\/wp-content\/uploads\/2017\/11\/npm_logo_white_cmyk_22.jpg 1859w\" sizes=\"auto, (max-width: 202px) 100vw, 202px\" \/><\/a><\/p>\n<p><a href=\"https:\/\/stapis.com.pl\/wp-content\/uploads\/2018\/11\/tatry_TPN.jpg\"><img loading=\"lazy\" decoding=\"async\" class=\"alignnone wp-image-3375\" src=\"https:\/\/stapis.com.pl\/wp-content\/uploads\/2018\/11\/tatry_TPN-300x131.jpg\" alt=\"\" width=\"137\" height=\"60\" srcset=\"https:\/\/stapis.com.pl\/wp-content\/uploads\/2018\/11\/tatry_TPN-300x131.jpg 300w, https:\/\/stapis.com.pl\/wp-content\/uploads\/2018\/11\/tatry_TPN.jpg 340w\" sizes=\"auto, (max-width: 137px) 100vw, 137px\" \/><\/a> \u00a0\u00a0<a href=\"https:\/\/stapis.com.pl\/wp-content\/uploads\/2016\/10\/taternik-logo-1.png\"><img loading=\"lazy\" decoding=\"async\" class=\"alignnone wp-image-414\" src=\"https:\/\/stapis.com.pl\/wp-content\/uploads\/2016\/10\/taternik-logo-1-300x92.png\" alt=\"\" width=\"176\" height=\"54\" srcset=\"https:\/\/stapis.com.pl\/wp-content\/uploads\/2016\/10\/taternik-logo-1-300x92.png 300w, https:\/\/stapis.com.pl\/wp-content\/uploads\/2016\/10\/taternik-logo-1-450x138.png 450w, https:\/\/stapis.com.pl\/wp-content\/uploads\/2016\/10\/taternik-logo-1.png 500w\" sizes=\"auto, (max-width: 176px) 100vw, 176px\" \/><\/a> \u00a0\u00a0<a href=\"https:\/\/stapis.com.pl\/wp-content\/uploads\/2016\/10\/portal-gorski-logo-1.jpg\"><img loading=\"lazy\" decoding=\"async\" class=\"alignnone wp-image-415\" src=\"https:\/\/stapis.com.pl\/wp-content\/uploads\/2016\/10\/portal-gorski-logo-1-300x300.jpg\" alt=\"\" width=\"93\" height=\"93\" srcset=\"https:\/\/stapis.com.pl\/wp-content\/uploads\/2016\/10\/portal-gorski-logo-1-300x300.jpg 300w, https:\/\/stapis.com.pl\/wp-content\/uploads\/2016\/10\/portal-gorski-logo-1-220x220.jpg 220w, https:\/\/stapis.com.pl\/wp-content\/uploads\/2016\/10\/portal-gorski-logo-1-450x450.jpg 450w, https:\/\/stapis.com.pl\/wp-content\/uploads\/2016\/10\/portal-gorski-logo-1-150x150.jpg 150w, https:\/\/stapis.com.pl\/wp-content\/uploads\/2016\/10\/portal-gorski-logo-1.jpg 500w\" sizes=\"auto, (max-width: 93px) 100vw, 93px\" \/><\/a> \u00a0\u00a0 \u00a0\u00a0 \u00a0<a href=\"https:\/\/stapis.com.pl\/wp-content\/uploads\/2018\/06\/GORY_logo-png.png\"><img loading=\"lazy\" decoding=\"async\" class=\"alignnone wp-image-3082\" src=\"https:\/\/stapis.com.pl\/wp-content\/uploads\/2018\/06\/GORY_logo-png-300x137.png\" alt=\"\" width=\"187\" height=\"85\" srcset=\"https:\/\/stapis.com.pl\/wp-content\/uploads\/2018\/06\/GORY_logo-png-300x137.png 300w, https:\/\/stapis.com.pl\/wp-content\/uploads\/2018\/06\/GORY_logo-png-450x206.png 450w, https:\/\/stapis.com.pl\/wp-content\/uploads\/2018\/06\/GORY_logo-png.png 717w\" sizes=\"auto, (max-width: 187px) 100vw, 187px\" \/><\/a><\/p>\n","protected":false},"excerpt":{"rendered":"<p>ISBN: 978-83-7967-094-9<br \/>\nIlo\u015b\u0107 stron: 216<br \/>\nFormat: 161 x 234 mmOk\u0142adka: Mi\u0119kka ze skrzyde\u0142kami<br \/>\nRok wydania: 2019<\/p>\n<p>Producent: Wydawnictwo Stapis Anna Pisarek, ul. Floriana 2a, 40-288 Katowice, biuro@stapis.com.pl, tel. 605 963 179<\/p>\n<p>&nbsp;<\/p>\n<p><a href=\"https:\/\/www.stapis.com.pl\/?product_cat=literatura-gorska-na-swiecie\"><img loading=\"lazy\" decoding=\"async\" class=\"alignnone wp-image-293\" src=\"http:\/\/stapis.com.pl\/wp-content\/uploads\/2016\/10\/czarna_lit_gor_n_Swiecie-300x134.jpg\" alt=\"czarna_lit_gor_n_swiecie\" width=\"287\" height=\"128\" srcset=\"https:\/\/stapis.com.pl\/wp-content\/uploads\/2016\/10\/czarna_lit_gor_n_Swiecie-300x134.jpg 300w, https:\/\/stapis.com.pl\/wp-content\/uploads\/2016\/10\/czarna_lit_gor_n_Swiecie-450x200.jpg 450w, https:\/\/stapis.com.pl\/wp-content\/uploads\/2016\/10\/czarna_lit_gor_n_Swiecie-768x342.jpg 768w, https:\/\/stapis.com.pl\/wp-content\/uploads\/2016\/10\/czarna_lit_gor_n_Swiecie-1024x456.jpg 1024w\" sizes=\"auto, (max-width: 287px) 100vw, 287px\" \/><\/a><\/p>\n<p><em>W\u00a0serii\u00a0<strong>Literatura G\u00f3rska na\u00a0\u015awiecie<\/strong> prezentujemy najciekawsze, nagradzane ksi\u0105\u017cki g\u00f3rskie, alpinistyczne i wspinaczkowe, pisane przez lub po\u015bwi\u0119cone ludziom, kt\u00f3rzy oddali swoje \u017cycie g\u00f3rom i ich poznawaniu&#8230;<\/em><\/p>\n","protected":false},"featured_media":4046,"comment_status":"closed","ping_status":"closed","template":"","meta":{"_acf_changed":false},"product_brand":[],"product_cat":[52,1369,576],"product_tag":[637,636,776,1129,705,93,639,638,255,706,171],"class_list":{"0":"post-4045","1":"product","2":"type-product","3":"status-publish","4":"has-post-thumbnail","6":"product_cat-literatura-gorska-na-swiecie","7":"product_cat-promocje","8":"product_cat-wszystkie","9":"product_tag-anegdota","10":"product_tag-gaweda","11":"product_tag-ksiazki-gorskie","12":"product_tag-ksiazki-o-gorach","13":"product_tag-ludwik-wilczynski","14":"product_tag-ludzie-gor","15":"product_tag-opowiesci-gorskie","16":"product_tag-rysunki-satyryczne","17":"product_tag-tatry","18":"product_tag-witold-sas-nowosielski","19":"product_tag-wspinaczka","21":"first","22":"instock","23":"taxable","24":"shipping-taxable","25":"purchasable","26":"product-type-simple","28":"catalog-layout-default","29":"columns-xs-2"},"acf":[],"jetpack_sharing_enabled":true,"_links":{"self":[{"href":"https:\/\/stapis.com.pl\/index.php?rest_route=\/wp\/v2\/product\/4045","targetHints":{"allow":["GET"]}}],"collection":[{"href":"https:\/\/stapis.com.pl\/index.php?rest_route=\/wp\/v2\/product"}],"about":[{"href":"https:\/\/stapis.com.pl\/index.php?rest_route=\/wp\/v2\/types\/product"}],"replies":[{"embeddable":true,"href":"https:\/\/stapis.com.pl\/index.php?rest_route=%2Fwp%2Fv2%2Fcomments&post=4045"}],"wp:featuredmedia":[{"embeddable":true,"href":"https:\/\/stapis.com.pl\/index.php?rest_route=\/wp\/v2\/media\/4046"}],"wp:attachment":[{"href":"https:\/\/stapis.com.pl\/index.php?rest_route=%2Fwp%2Fv2%2Fmedia&parent=4045"}],"wp:term":[{"taxonomy":"product_brand","embeddable":true,"href":"https:\/\/stapis.com.pl\/index.php?rest_route=%2Fwp%2Fv2%2Fproduct_brand&post=4045"},{"taxonomy":"product_cat","embeddable":true,"href":"https:\/\/stapis.com.pl\/index.php?rest_route=%2Fwp%2Fv2%2Fproduct_cat&post=4045"},{"taxonomy":"product_tag","embeddable":true,"href":"https:\/\/stapis.com.pl\/index.php?rest_route=%2Fwp%2Fv2%2Fproduct_tag&post=4045"}],"curies":[{"name":"wp","href":"https:\/\/api.w.org\/{rel}","templated":true}]}}