{"id":632,"date":"2016-11-10T12:57:29","date_gmt":"2016-11-10T11:57:29","guid":{"rendered":"http:\/\/stapis.com.pl\/?post_type=product&#038;p=632"},"modified":"2025-02-12T15:25:46","modified_gmt":"2025-02-12T14:25:46","slug":"wega-ii-gory-azji","status":"publish","type":"product","link":"https:\/\/stapis.com.pl\/?product=wega-ii-gory-azji","title":{"rendered":"Wielka Encyklopedia G\u00f3r i Alpinizmu, tom II: G\u00f3ry Azji"},"content":{"rendered":"<p>Drugi tom encyklopedii zosta\u0142 po\u015bwi\u0119cony Azji \u2013 najbardziej g\u00f3rzystej cz\u0119\u015bci \u015bwiata (a\u017c 75% jej powierzchni zajmuj\u0105 g\u00f3ry!), w kt\u00f3rej wznosz\u0105 si\u0119 najwy\u017csze szczyty kuli ziemskiej. W opracowaniu przedstawiono wszystkie systemy \u0142a\u0144cuchy i\u00a0pasma g\u00f3rskie znajduj\u0105ce si\u0119 na obszarze Azji oraz wa\u017cniejsze masywy, szczyty, doliny i lodowce z kr\u00f3tk\u0105 geograficzn\u0105 i\u00a0topograficzn\u0105 charakterystyk\u0105 oraz zarysem geograficznej i\u00a0alpinistycznej eksploracji.<\/p>\n<p>Opracowanie zawiera ponad 4300 hase\u0142 uporz\u0105dkowanych alfabetycznie oraz 235 map opracowanych specjalnie pod k\u0105tem potrzeb tej encyklopedii.<\/p>\n","protected":false},"excerpt":{"rendered":"<p>&nbsp;<\/p>\n<p>Stron: 808<br \/>\nFormat: A5<br \/>\nOprawa: twarda + obwoluta<br \/>\nISBN: 83-88212-42-7<\/p>\n<p>Producent: Wydawnictwo Stapis Anna Pisarek, ul. Floriana 2a, 40-288 Katowice, biuro@stapis.com.pl, tel. 605 963 179<\/p>\n","protected":false},"featured_media":521,"comment_status":"closed","ping_status":"closed","template":"","meta":{"_acf_changed":false},"product_brand":[],"product_cat":[53,576],"product_tag":[],"class_list":{"0":"post-632","1":"product","2":"type-product","3":"status-publish","4":"has-post-thumbnail","6":"product_cat-wega","7":"product_cat-wszystkie","9":"first","10":"outofstock","11":"taxable","12":"shipping-taxable","13":"purchasable","14":"product-type-simple","16":"catalog-layout-default","17":"columns-xs-2"},"acf":[],"jetpack_sharing_enabled":true,"_links":{"self":[{"href":"https:\/\/stapis.com.pl\/index.php?rest_route=\/wp\/v2\/product\/632","targetHints":{"allow":["GET"]}}],"collection":[{"href":"https:\/\/stapis.com.pl\/index.php?rest_route=\/wp\/v2\/product"}],"about":[{"href":"https:\/\/stapis.com.pl\/index.php?rest_route=\/wp\/v2\/types\/product"}],"replies":[{"embeddable":true,"href":"https:\/\/stapis.com.pl\/index.php?rest_route=%2Fwp%2Fv2%2Fcomments&post=632"}],"wp:featuredmedia":[{"embeddable":true,"href":"https:\/\/stapis.com.pl\/index.php?rest_route=\/wp\/v2\/media\/521"}],"wp:attachment":[{"href":"https:\/\/stapis.com.pl\/index.php?rest_route=%2Fwp%2Fv2%2Fmedia&parent=632"}],"wp:term":[{"taxonomy":"product_brand","embeddable":true,"href":"https:\/\/stapis.com.pl\/index.php?rest_route=%2Fwp%2Fv2%2Fproduct_brand&post=632"},{"taxonomy":"product_cat","embeddable":true,"href":"https:\/\/stapis.com.pl\/index.php?rest_route=%2Fwp%2Fv2%2Fproduct_cat&post=632"},{"taxonomy":"product_tag","embeddable":true,"href":"https:\/\/stapis.com.pl\/index.php?rest_route=%2Fwp%2Fv2%2Fproduct_tag&post=632"}],"curies":[{"name":"wp","href":"https:\/\/api.w.org\/{rel}","templated":true}]}}