{"id":935,"date":"2017-02-17T07:37:23","date_gmt":"2017-02-17T06:37:23","guid":{"rendered":"http:\/\/stapis.com.pl\/?post_type=product&#038;p=935"},"modified":"2025-02-27T13:20:40","modified_gmt":"2025-02-27T12:20:40","slug":"cala-ja-autobiografia-himalaistki-gerlinde-kaltenbrunner","status":"publish","type":"product","link":"https:\/\/stapis.com.pl\/?product=cala-ja-autobiografia-himalaistki-gerlinde-kaltenbrunner","title":{"rendered":"Ca\u0142a ja \u2013 Gerlinde Kalterbrunner"},"content":{"rendered":"<p>Gerlinde Kalterbrunner urodzi\u0142a si\u0119 13 grudnia 1970 r. w Austrii. To alpinistka i himalaistka, kt\u00f3ra zdoby\u0142a wszystkie 14 o\u015bmiotysi\u0119cznik\u00f3w jako druga kobieta w historii, a pierwsza, kt\u00f3ra dokona\u0142a tego bez u\u017cycia tlenu z butli. <em>Ca\u0142a ja<\/em> to opowie\u015b\u0107 o \u017cyciu Gerlinde od dzieci\u0144stwa po m\u0142odo\u015b\u0107, cho\u0107 przede wszystkim jest to zapis pasji i fascynacji g\u00f3rami, mi\u0142o\u015bci do nich i szacunku.<\/p>\n<p>&nbsp;<\/p>\n<blockquote><p>\u201eJa \u017cyj\u0119 dla takich chwil, jak ta, dla takich dozna\u0144 wchodz\u0119 na o\u015bmiotysi\u0119czniki. Gdy rozmawiam z lud\u017ami o swoich wyprawach, ci widz\u0105 przede wszystkim ich niedogodno\u015bci \u2013 zimno, wichury, niebezpiecze\u0144stwa \u2013 i tylko nieliczni potrafi\u0105 zrozumie\u0107, jak mocnych wra\u017ce\u0144 do\u015bwiadczam tutaj. To w\u0142a\u015bnie z tego powodu wci\u0105\u017c ci\u0105gnie mnie w Himalaje i na wysokie szczyty\u201d.<\/p>\n<p>\u201eNie chc\u0119 zdobywa\u0107 szczyt\u00f3w, chc\u0119 w pokorze i z wdzi\u0119czno\u015bci\u0105 zbli\u017ca\u0107 si\u0119 do nich. W spokoju wysokich g\u00f3r nauczy\u0142am si\u0119, \u017ce cele osi\u0105ga si\u0119 cierpliwo\u015bci\u0105, ostro\u017cno\u015bci\u0105 i zadowoleniem. W por\u00f3wnaniu z g\u00f3rami jestem ma\u0142a i krucha, a mimo to one, niewiarygodnie silne, pozwalaj\u0105 mi wr\u00f3ci\u0107&#8221;.<\/p><\/blockquote>\n<h2><\/h2>\n<p>&nbsp;<\/p>\n","protected":false},"excerpt":{"rendered":"<p><span style=\"font-family: Verdana;\">\u00a0<\/span><\/p>\n<ul>\n<li>ISBN: 978-83-61050-65-0<\/li>\n<li>Format: 161 x 234 mm<\/li>\n<li>Liczba stron: 240<\/li>\n<li>Oprawa: mi\u0119kka ze skrzyde\u0142kami<\/li>\n<li>Rok wydania: 2012<\/li>\n<li>Producent: Wydawnictwo Stapis Anna Pisarek, ul. Floriana 2a, 40-288 Katowice, biuro@stapis.com.pl, tel. 605 963 179<\/li>\n<\/ul>\n<p>&nbsp;<\/p>\n<p><a href=\"http:\/\/stapis.com.pl\/wp-content\/uploads\/2016\/10\/czarna_lit_gor_n_Swiecie.jpg\"><img loading=\"lazy\" decoding=\"async\" class=\"alignnone wp-image-293\" src=\"http:\/\/stapis.com.pl\/wp-content\/uploads\/2016\/10\/czarna_lit_gor_n_Swiecie-300x134.jpg\" alt=\"\" width=\"222\" height=\"99\" srcset=\"https:\/\/stapis.com.pl\/wp-content\/uploads\/2016\/10\/czarna_lit_gor_n_Swiecie-300x134.jpg 300w, https:\/\/stapis.com.pl\/wp-content\/uploads\/2016\/10\/czarna_lit_gor_n_Swiecie-450x200.jpg 450w, https:\/\/stapis.com.pl\/wp-content\/uploads\/2016\/10\/czarna_lit_gor_n_Swiecie-768x342.jpg 768w, https:\/\/stapis.com.pl\/wp-content\/uploads\/2016\/10\/czarna_lit_gor_n_Swiecie-1024x456.jpg 1024w\" sizes=\"auto, (max-width: 222px) 100vw, 222px\" \/><\/a><\/p>\n","protected":false},"featured_media":936,"comment_status":"closed","ping_status":"closed","template":"","meta":{"_acf_changed":false},"product_brand":[],"product_cat":[52,576],"product_tag":[35,181,184,185,182,183,85,38],"class_list":{"0":"post-935","1":"product","2":"type-product","3":"status-publish","4":"has-post-thumbnail","6":"product_cat-literatura-gorska-na-swiecie","7":"product_cat-wszystkie","8":"product_tag-biografia","9":"product_tag-gerlinde-kalterbrunner","10":"product_tag-kobiece-wspinanie","11":"product_tag-kobiety-alpinistki","12":"product_tag-solo","13":"product_tag-wspinaczka-gorska","14":"product_tag-wspinanie","15":"product_tag-wspomnienia","17":"first","18":"instock","19":"taxable","20":"shipping-taxable","21":"purchasable","22":"product-type-simple","24":"catalog-layout-default","25":"columns-xs-2"},"acf":[],"jetpack_sharing_enabled":true,"_links":{"self":[{"href":"https:\/\/stapis.com.pl\/index.php?rest_route=\/wp\/v2\/product\/935","targetHints":{"allow":["GET"]}}],"collection":[{"href":"https:\/\/stapis.com.pl\/index.php?rest_route=\/wp\/v2\/product"}],"about":[{"href":"https:\/\/stapis.com.pl\/index.php?rest_route=\/wp\/v2\/types\/product"}],"replies":[{"embeddable":true,"href":"https:\/\/stapis.com.pl\/index.php?rest_route=%2Fwp%2Fv2%2Fcomments&post=935"}],"wp:featuredmedia":[{"embeddable":true,"href":"https:\/\/stapis.com.pl\/index.php?rest_route=\/wp\/v2\/media\/936"}],"wp:attachment":[{"href":"https:\/\/stapis.com.pl\/index.php?rest_route=%2Fwp%2Fv2%2Fmedia&parent=935"}],"wp:term":[{"taxonomy":"product_brand","embeddable":true,"href":"https:\/\/stapis.com.pl\/index.php?rest_route=%2Fwp%2Fv2%2Fproduct_brand&post=935"},{"taxonomy":"product_cat","embeddable":true,"href":"https:\/\/stapis.com.pl\/index.php?rest_route=%2Fwp%2Fv2%2Fproduct_cat&post=935"},{"taxonomy":"product_tag","embeddable":true,"href":"https:\/\/stapis.com.pl\/index.php?rest_route=%2Fwp%2Fv2%2Fproduct_tag&post=935"}],"curies":[{"name":"wp","href":"https:\/\/api.w.org\/{rel}","templated":true}]}}